 -78. Suppose -r + g - 9 = -4*z, -78 = -3*r - z. What are the prime factors of r?
2, 13
Suppose v - 4*d - 12 - 4 = 0, 0 = 5*v - 3*d - 12. Suppose 4*g - 76 = -v*g. List the prime factors of g.
19
Let p = -4 + 0. List the prime factors of 14 - 3/(3 + p).
17
Let t(v) = -v**3 - 3*v**2 - 1. Let s be t(-3). Let o be 0 - s - (-4 - -8). Let a = o - -12. List the prime factors of a.
3
Let c be 2*-1 - -13 - 2. Let h(q) = -q**3 + 8*q**2 + 8*q + 11. List the prime factors of h(c).
2
Suppose 5*i - 4 = 6. Let x = i - -1. What are the prime factors of x?
3
Let r(c) be the first derivative of 11*c**4/4 - 2*c**3/3 + c - 1. What are the prime factors of r(1)?
2, 5
Let q(a) = a**2 - 9*a + 8. Let w be q(8). Let x be 9 - (-1)/3*w. Suppose 2*n - 7 = x. List the prime factors of n.
2
Let r be (-10)/(-12) - 3/(-18). Let l be r/3*9/3. Suppose x - l = 1. List the prime factors of x.
2
Suppose -6*w + 2*w - 1164 = 0. List the prime factors of w/(-12) + (-5)/20.
2, 3
Let j be -1*((-12)/2)/2. Let q(i) = -i**3 + 7*i**2 + 8*i + 4. Let x be q(8). Suppose 3*h + n - 60 = 3*n, -x*h = -j*n - 81. List the prime factors of h.
2, 3
Suppose 0 = -5*s - 11 + 151. What are the prime factors of (-300)/(-21) - 8/s?
2, 7
Suppose 4*i = -5*u + 33, 5*u = u + i + 39. Suppose 4*o = -5*k, 2*k + 3*o = -o - 12. What are the prime factors of k/(-6) + 96/u?
2, 5
Let n(m) = 2*m**3 - 3*m**2 + 4*m - 2. What are the prime factors of n(3)?
37
Suppose 4*b = o + 157, 0*b - 28 = -b + 4*o. What are the prime factors of b?
2, 5
Let n = -9 - -15. Suppose -2*j + n*j - 8 = 0. Suppose 6*y - j*y = 36. What are the prime factors of y?
3
Let d = -32 - -53. Let g(u) = u**3 + 5*u**2 + 3*u - 4. Let n be g(-3). Suppose -2*a = -n*a + d. List the prime factors of a.
7
Let d be ((-4)/6)/((-4)/36). Suppose -d*u + 165 = -u. Suppose -u = v - 4*v. List the prime factors of v.
11
Suppose 6*k - 16 = 2*k. Let s(n) = 11*n**3 - 9*n**2 - 17*n + 1. Let m(z) = -4*z**3 + 3*z**2 + 6*z. Let u(j) = 8*m(j) + 3*s(j). List the prime factors of u(k).
7
Let r = 5 - 3. Suppose a + 0*a + r*j - 15 = 0, -52 = -4*a - 4*j. List the prime factors of a.
11
Suppose -b - 4*b = -4*z + 174, 3*z - 119 = -2*b. Suppose -f = v - z, -4*f = -0*v - 5*v - 173. What are the prime factors of f?
2, 3, 7
Let o(p) = -8*p - 7*p + 0 - 4 - 3. Let u(t) = -7*t - 3. Let z(x) = 6*o(x) - 13*u(x). What are the prime factors of z(7)?
2
Suppose -u - 27 = -78. What are the prime factors of (-7)/21*-1*u?
17
Let l be -4 - -1 - 5/5. Let f = 18 + l. What are the prime factors of f?
2, 7
Let x = -27 + 38. Suppose 0 = -4*w + 37 + x. List the prime factors of w.
2, 3
Suppose 0 = -q + 2*l + 10, -3*q - l + 41 = 11. Suppose -2*a + 0*a = -q. List the prime factors of a + 2*(-6)/4.
2
Let k(h) = -h**2 - 11*h + 4. List the prime factors of k(-5).
2, 17
Suppose -135 + 35 = -5*d. What are the prime factors of d?
2, 5
Let g(m) = m**2 + 3*m + 3. Suppose 3*y + 3*q = -6, 5*y - 4*q + 0*q = -37. Let r = 1 + y. List the prime factors of g(r).
7
Let k = -11 - -2. List the prime factors of (-9)/(-5)*(-30)/k.
2, 3
Let a(c) = -c**2 - 7*c - 3. Suppose -12 = -4*k - 36. Let n be a(k). List the prime factors of (-19)/(-2) + n/6.
2, 5
Suppose -5 = -5*q + 5. Suppose -q*c = 2*c - 48. What are the prime factors of c?
2, 3
Suppose 90 = 3*l - l. List the prime factors of l.
3, 5
Suppose v = -2*j - 2*j - 1, j = -2*v - 9. Let k be (-86)/10 + 4/(-10). Let c = v - k. What are the prime factors of c?
2
Suppose 8*y - 4*y = 224. List the prime factors of y.
2, 7
Let j = -10 + 5. Let z(g) = -g**2 - 8*g - 7. List the prime factors of z(j).
2
Let g(j) = j**3 + 4*j**2 + j - 3. Let l be g(-3). Suppose 4*m = t + 127 + 14, -t = l*m - 104. List the prime factors of m.
5, 7
Suppose -7 - 21 = -2*l + 5*d, 5*l - 5*d - 100 = 0. List the prime factors of l.
2, 3
Suppose -2*h = -4*d + 194, 6*h - h - 229 = -4*d. What are the prime factors of d?
3, 17
Suppose 0 = -5*v + 20, -y + 2*v + 20 = 6*v. Let d(p) = 10*p - 6. List the prime factors of d(y).
2, 17
Suppose -15 = 5*r - 2*r - 2*m, 5*r + 25 = -2*m. Let p = 33 + r. Suppose -p = 3*a - 7*a. List the prime factors of a.
7
Suppose 0 = -5*x + 11 + 9. Suppose -17 = 3*p - x*p - 4*j, 5*p - j - 22 = 0. Suppose -p*o + 9 = -2*o. What are the prime factors of o?
3
Suppose -3*v + 0 - 23 = -5*u, 4*u = -5*v + 11. Suppose -2*x = -u*x + 10. What are the prime factors of x?
5
Let s(r) = 8*r**2 - 3*r + r + 1 + 5*r**2 - 5*r**2. What are the prime factors of s(1)?
7
List the prime factors of 172 + -1 + 0/(-2).
3, 19
Suppose -4*s - 2*t + t + 472 = 0, 2*s = -5*t + 236. What are the prime factors of s?
2, 59
Let l(w) = 4*w**2 + 3*w - 1. Let f be l(-3). Let t = -17 + f. Suppose i = -0*i + t. List the prime factors of i.
3
Let m(h) = -h**3 + 3*h**2 + 3*h. What are the prime factors of m(-3)?
3, 5
Suppose -2*w - 2288 = -15*w. What are the prime factors of w?
2, 11
Let x(f) = f**3 + 8*f**2 + 8*f + 16. List the prime factors of x(-7).
3
Suppose 12 + 8 = 5*z. Let o(d) = 2*d**2 - 4*d - 1. Let f be o(z). Suppose -2*a + 25 = -4*t - f, -t + 44 = 4*a. What are the prime factors of a?
2, 3
Let u be 9/2*8/12. Let b(k) = k**3 - 2*k**2 - k. What are the prime factors of b(u)?
2, 3
Let r = 9 - 7. Suppose r*v = 2 + 26. What are the prime factors of v?
2, 7
Let h = -2 - -4. Let t(c) = 4*c + 0 - h + 3. List the prime factors of t(1).
5
Let m = 10 - 5. Let d = 7 - m. What are the prime factors of d?
2
Let v(j) = 4*j + 13. What are the prime factors of v(9)?
7
Suppose 4*g + 50 = 2*y, -y + 4*y - 2*g - 79 = 0. What are the prime factors of y?
3
Let z = 2 + -5. Let g = 1 - z. List the prime factors of 2 - -1*g*2.
2, 5
Let s = -90 + 145. List the prime factors of s.
5, 11
Let r = 8 - 6. Suppose -4*s - 4*c = 24, -r*s = c + 7 - 0. What are the prime factors of 1 + 1/(s/(-11))?
2, 3
Let k = 4 - 4. Suppose -m + k*m + 10 = 0. List the prime factors of m.
2, 5
Let h = 5 - 1. Suppose 0 = -2*o + h, 2*o + 58 = 3*b + 7*o. Suppose -4*q + b = -8. What are the prime factors of q?
2, 3
Suppose -2*q = -5*q - 3. Let g = 5 + q. List the prime factors of g.
2
Suppose -1788 = -7*s - 360. List the prime factors of s.
2, 3, 17
Suppose 23 + 2 = 5*n. What are the prime factors of (-96)/(-10) - 3/n?
3
Let m(j) = j**2 + 9*j - 4. Let q be m(-9). What are the prime factors of (-8)/q*(-15)/(-3)?
2, 5
Let g = -78 - -142. List the prime factors of g.
2
Let l(t) = t**2 + 6*t + 5. Let g be l(-6). Suppose -g*q - 20 = -95. What are the prime factors of q?
3, 5
Let o = 6 - 4. Suppose -o*c - c + 108 = 0. Suppose -p + 18 = -5*k, -4*k - c = -2*p - 0*k. List the prime factors of p.
2, 3
Suppose 2*u = -u. Let a(p) = p**3 + 3*p**2 + 2*p + 2. Let h be a(-2). Suppose u = 4*s - h*q - 10, -4*s + q + 2 = -7. List the prime factors of s.
2
Let y(x) = -x**3 - 2*x**2 - 8*x - 6. List the prime factors of y(-4).
2, 29
Let c(r) = 3*r - 1. Let s be c(1). Suppose 35 = 3*g + s*g. List the prime factors of g.
7
Let u = 542 + -213. List the prime factors of u.
7, 47
Let x be (4/(-3))/(2/3). Let a = 2 - x. Suppose -21 - 7 = -a*k. List the prime factors of k.
7
Suppose 6*n - 1 = 173. Suppose -8*l + n = -7*l. What are the prime factors of l?
29
Suppose r = -5*l, -l - 11 = 5*r + 13. List the prime factors of (r - -1 - -2) + 29.
3
Let a(l) = -l**2 + 7*l. Let y = -41 - -81. Suppose -4*q - y = -5*t, 3*t - 2*q + 3 = -5*q. What are the prime factors of a(t)?
2, 3
Let u be 3 + 3/(-3) - 0. Suppose 2*t - 4*q - 36 = 0, -q - u*q + 64 = 5*t. What are the prime factors of t?
2, 7
Let u(a) = a - 1. Let w(o) = 6*o - 1. Let m(l) = -2*u(l) + w(l). List the prime factors of m(2).
3
Let p(k) = 3*k**3 + k**2 - 2*k + 1. Let v be p(1). Let h be ((-1)/2)/(2/(-148)). Suppose -5*b - 3*o = -0 - h, -v*b + 35 = 5*o. What are the prime factors of b?
5
What are the prime factors of (-2)/((-240)/(-81) - 3)?
2, 3
Let b(u) = -u**3 + 3*u**2 + 2*u + 3. Let g be b(-3). Let s = g + -33. List the prime factors of s.
2, 3
Suppose 1012 = 11*m - 616. What are the prime factors of m?
2, 37
Suppose 0 = w - 2 - 0. Suppose 0*f + w*f = 4. Suppose -x - f*x = -60. List the prime factors of x.
2, 5
Suppose l - 3*l + 2*i = -32, 0 = -3*i. Suppose -t = -2*t + l. List the prime factors of t.
2
Suppose -4*f - 77 = -3*z - 0, 0 = -4*z - 4*f + 112. What are the prime factors of z?
3
Let c(y) = 6*y**2 - y**2 - 4*y**2 + 2*y**2 + y. List the prime fa